ided by d?
1
Let f(x) = x**2 + 22*x + 8. What is the remainder when f(0) is divided by ((-10)/(-4))/((-2)/(-4))?
3
Suppose 2*p + 5*w = -p + 49, -5*w = -3*p + 59. What is the remainder when 466 is divided by p?
16
Suppose -5*b + 2*q - 11 = 0, 2*b - q - 1 = -6. Let h = 5 + b. What is the remainder when ((-26)/h)/((-4)/8) is divided by 7?
6
Suppose d + 3*w = 14, 0 = 5*d - w + 4 - 10. Suppose 3*g + 20 = -d*b, 2*b + 20 + 16 = 5*g. Let x = b + 27. What is the remainder when 69 is divided by x?
13
Let r(p) = p**2 - 2*p + 39. Let g be r(0). Suppose -5*i + 5*n + 65 = 0, 3*i - 7*n + 2*n = g. What is the remainder when 21 is divided by i?
8
Let c(o) = o**3 - 5*o**2 - 26*o + 154. Calculate the remainder when 189 is divided by c(5).
21
Suppose -4*q + 90 + 110 = 0. Suppose -3*x + 604 = 565. Calculate the remainder when q is divided by x.
11
Let m be (2 - -10) + 1 + -1. Suppose -8*i + 340 = m*i. Suppose -3*t = -2*h - 8*t, 2*t = -8. What is the remainder when i is divided by h?
7
Suppose -2*c - 2 = -c. Let k be (c/1)/2 + -3. Calculate the remainder when k/8*86/(-1) is divided by 11.
10
Let l(x) = x**3 + 5*x**2 - 3*x + 6. What is the remainder when l(0) is divided by 4?
2
Suppose 4*k + 170 = 3*m, -2*m - 260 = -7*m + 2*k. What is the remainder when 76 is divided by m?
26
Let h(m) = 3*m + 12. Let k(u) = -1. Let i(j) = j**2 + j + 1. Let n be i(0). Let a(l) = n*h(l) + 15*k(l). What is the remainder when a(8) is divided by 11?
10
Suppose -3*g + 1122 = -83*d + 86*d, 0 = -2*d - 3*g + 747. Calculate the remainder when d is divided by 82.
47
Let h(n) = n**3 - 6*n**2 + 6*n - 1. Let u be h(5). Suppose -3*q - 55 = -2*j, q - 160 = -5*j + u*q. Calculate the remainder when j is divided by 18.
17
Let h = 160 + -146. Let q = 0 - -3. Suppose -3*a + 110 = q*u - 8*u, -204 = -5*a - 2*u. Calculate the remainder when a is divided by h.
12
Let f(h) = 30*h - 27. Let n = 242 + -216. What is the remainder when f(6) is divided by n?
23
Suppose 0 = 5*g - 11 + 1. Suppose 0*h - 3*h - 4*a = -38, 0 = -g*h + 4*a + 52. What is the remainder when h is divided by 7*1 - (-2 + -1)?
8
Let w = 137 + -115. Calculate the remainder when w is divided by 14.
8
Suppose u + 3*q = 83, -2 + 46 = -11*q. What is the remainder when u is divided by 23?
3
Let j = -1034 + 1301. What is the remainder when j is divided by 15?
12
Let f(u) = u**3 - u**2 - 5*u + 3. Suppose 6 = 2*z - z. Suppose 8 = 4*r + 4*d, 2*r - 16 = 4*d - z. Calculate the remainder when 16 is divided by f(r).
4
Let s(l) = 89*l**2 - 4*l - 3. Let k be s(-1). Suppose 8*a - 3*a = k. Calculate the remainder when ((-24)/(-9))/((-4)/(-78)) is divided by a.
16
Let s be (-5)/((-25)/(-30)*-3). Let o(u) = 1 - 7 + 0 - 4*u**2 + 6*u**s - 2*u. What is the remainder when o(5) is divided by 7?
6
Suppose 4*v = -3*o + 53, 4*v - 63 = -4*o + 3*o. Let n be (((-18)/24)/((-2)/8))/1. Let t = n - -28. Calculate the remainder when t is divided by v.
14
Suppose t + 4*a - 10 = 0, -a = -5*t + 4*a. Suppose 5*s + 5*h + t = 32, 3*h = 5*s - 22. Calculate the remainder when 49 is divided by -3 - (-4 + s - 17).
10
Suppose -3*h - 4*t = -6*h - 15, 19 = -4*h + 5*t. Let q(a) = a**3 - 8*a**2 - 7*a. Let w be q(9). What is the remainder when h/(-2)*w*2 is divided by 10?
8
Let x = 9 + 3. Suppose 7*v - 5*v = -x. Calculate the remainder when v/(-18)*(0 - -3) is divided by 1.
0
Let w = 65 + -63. Suppose -w*v = -8*v + 66. What is the remainder when 52 is divided by v?
8
Suppose -3*x = 2*x - 35. What is the remainder when (318/(-21))/((-4)/14) is divided by x?
4
Suppose 3*z + 0*s = -3*s + 129, -s + 157 = 4*z. Suppose 6*k = 124 + z. What is the remainder when k is divided by 7?
6
Let q be -123*2/(-8) - (-2)/8. Let n = q + -17. Calculate the remainder when n is divided by 5.
4
Let f = -27 - -57. Suppose -2*d + f + 0 = 0. Suppose 6*u = k - 36, 4*k + 49*u = 46*u + 9. Calculate the remainder when d is divided by k.
3
Let a be (-2)/4*(-896)/14. Let y = a + 3. Calculate the remainder when y is divided by 13.
9
Let u = 2487 - 850. What is the remainder when u is divided by 126?
125
Suppose 2 = 4*s + c + 1, 0 = -3*s - c. Let w = s - 8. Let g = w - -18. Calculate the remainder when 20 is divided by g.
9
Let c(o) = 16*o - 113. What is the remainder when 108 is divided by c(9)?
15
Suppose -54 = -5*t - 18*j + 20*j, -5*t = 2*j - 66. What is the remainder when 34 is divided by t?
10
Suppose -3*n + 8 = -7. Suppose 0 = s + 5*u - 11, n = -u + 2*u. Calculate the remainder when (-413)/s + (-1)/(-2) is divided by 11.
8
Let k = -537 + 558. What is the remainder when 93 is divided by k?
9
Suppose -26 - 4 = -5*a. Suppose 3*x - 20 + 5 = 0. Suppose -4*g + 56 = x*p - 19, -43 = -3*p - 2*g. Calculate the remainder when p is divided by a.
5
Suppose -5*j + 21 = 2*y, -y - j + 2*j = -21. Calculate the remainder when 49 is divided by y.
13
Let r = 26 + -19. Suppose r*s = 4*s + 18. Let t(k) = 3*k**2 + k - 1. What is the remainder when s is divided by t(1)?
0
Let z(p) = -9*p - 62. Let f be z(-18). Suppose -14*n + f = -9*n. Calculate the remainder when 57 is divided by n.
17
Let y(h) = -2*h - 27. Let d be y(-15). Suppose -85 = -d*r + 2*j + 15, 5*j - 5 = 0. Calculate the remainder when r is divided by 5.
4
Let q(h) = -2*h - 6. Let v be q(-6). Let j(k) = -k**2 + 6*k + 12. What is the remainder when j(v) is divided by 8?
4
Suppose 146 = 19*c - 82. Calculate the remainder when 80 is divided by c.
8
Let y(a) = 3*a**2 - 15*a - 44. What is the remainder when y(-4) is divided by 5?
4
Let j = 165 + -144. What is the remainder when 146 is divided by j?
20
Suppose 5 + 1 = -3*r. Let m = 5 + r. Suppose -p + 1 + 7 = 0. Calculate the remainder when p is divided by m.
2
What is the remainder when 125 is divided by (84/(-6) - 2)*-1?
13
Let d be ((-13)/52)/((-2)/(-8)). Calculate the remainder when 12 - 0 - d*1 is divided by 7.
6
Suppose -12 = h + 2*h. Let n be 5/(h/(-39 + -1)). Let j = n + -1. Calculate the remainder when j is divided by 17.
15
Suppose 160 = 57*v - 49*v. Calculate the remainder when 339 is divided by v.
19
Let j = -1147 - -1334. What is the remainder when j is divided by 5?
2
Suppose 7*j - 368 = -60. What is the remainder when j is divided by 8?
4
Let c(d) = -d**3 - 9*d**2 - 10*d - 11. Let j be c(-8). Let q = 15 + -15. Suppose q = j*n - 56 - 39. What is the remainder when 73 is divided by n?
16
Let b be (1 - 8)*(-1026)/(-63). Let f = -112 - b. Calculate the remainder when 45 is divided by f.
1
Suppose 165*k = 42*k + 738. Let j(t) = -t**2 - 8*t. Calculate the remainder when j(-4) is divided by k.
4
Let y be ((-12)/(-9) - 1)*27. Suppose -3*m = -5*h - 273, y = 3*h - 6*h. What is the remainder when m is divided by 29?
28
Let t(h) = h**2 + 30*h - 234. What is the remainder when 99 is divided by t(-37)?
24
Let b(i) = i**2 + 5*i - 7. Let n be b(4). Suppose n - 5 = j. What is the remainder when 70 is divided by j?
22
Let b be 30/9*6/4. Suppose 0 = 3*l + l + b*c - 47, 4*c + 4 = 2*l. What is the remainder when l is divided by 3?
2
Let b be (-12)/14*(-77)/(-11). Let l be 123*-3*b/27. Suppose -l = -o - 3*i - 17, -3*i = -15. What is the remainder when o is divided by 17?
16
Suppose 4*b - 87 = 5*c, 102 = -7*b + 11*b - 2*c. What is the remainder when 80 is divided by b?
24
Let u be 1/(-4)*(0 + 0). Suppose 3*z - 332 - 31 = u. What is the remainder when z is divided by 31?
28
Suppose -2*w + 3*d = 8*d - 23, -d + 1 = 0. Let s(l) = -4*l + 11. What is the remainder when s(-10) is divided by w?
6
Let r(j) = 24*j - 8. What is the remainder when r(5) is divided by 32?
16
Suppose -f + 4*q = -22, 5*q - 3*q + 32 = 2*f. What is the remainder when 40 is divided by f?
12
Let r(o) = 58*o - 5. Let k(z) = 19*z - 2. Let u(x) = 7*k(x) - 2*r(x). Calculate the remainder when u(3) is divided by 17.
13
Let i = -2166 - -2177. Calculate the remainder when 2187 is divided by i.
9
Let b(w) = -w**2 + 8*w - 3. Let g be (5 + 0)*(-12)/(-10). Let i = g + 0. Calculate the remainder when b(i) is divided by 3.
0
Let d(o) = 6*o + 9. What is the remainder when d(5) is divided by 8?
7
Let f(w) = -8*w + 2. Suppose -7 = 4*i - 15. Let h be f(i). Calculate the remainder when 38 is divided by 1/(h/20)*-7.
8
Calculate the remainder when 16 is divided by (90/(-9) + 9)*-3.
1
Suppose -8*b = -9*b + 195. Suppose 0 = 10*l - b + 55. What is the remainder when 81 is divided by l?
11
Suppose 13*v -